 common factor of 54970 and 1035?
115
What is the highest common divisor of 26190 and 630?
90
What is the greatest common divisor of 95 and 116869?
19
What is the highest common factor of 77 and 46827?
11
Calculate the greatest common divisor of 3157 and 9266.
41
Calculate the highest common divisor of 1770 and 114.
6
Calculate the highest common factor of 1739 and 93953.
47
What is the highest common divisor of 2176 and 2416?
16
What is the greatest common factor of 15 and 387015?
15
Calculate the highest common factor of 535 and 512209.
107
Calculate the highest common factor of 4365 and 405.
45
What is the greatest common divisor of 4136 and 37741?
517
Calculate the greatest common divisor of 111584 and 33.
11
Calculate the greatest common factor of 5300 and 61904.
212
What is the highest common factor of 809776 and 2568?
856
Calculate the greatest common factor of 105859 and 85.
17
What is the highest common factor of 560 and 48860?
140
Calculate the highest common divisor of 61 and 55266.
61
Calculate the highest common divisor of 20 and 87592.
4
What is the greatest common divisor of 242503 and 2248?
281
Calculate the greatest common factor of 588 and 12.
12
What is the highest common divisor of 106 and 98?
2
Calculate the greatest common factor of 403563 and 1599.
123
What is the highest common divisor of 20 and 40385?
5
Calculate the highest common divisor of 37697 and 45287.
253
Calculate the greatest common factor of 107520 and 280.
280
What is the greatest common factor of 8875 and 12283?
71
Calculate the greatest common divisor of 299964 and 324.
12
What is the highest common factor of 147441 and 51?
51
Calculate the greatest common factor of 188 and 5478226.
94
What is the highest common divisor of 76 and 135812?
76
Calculate the highest common divisor of 40 and 8740.
20
What is the highest common factor of 20844 and 216?
108
Calculate the highest common divisor of 41 and 20213.
41
Calculate the greatest common divisor of 10921 and 2077.
67
What is the greatest common divisor of 62059 and 9389?
229
What is the highest common factor of 11 and 759341?
11
What is the highest common divisor of 730 and 23141?
73
Calculate the greatest common factor of 5902 and 949.
13
What is the greatest common factor of 480 and 43440?
240
What is the highest common divisor of 34 and 718?
2
What is the greatest common divisor of 396 and 187092?
36
What is the greatest common divisor of 100871 and 513?
19
What is the greatest common divisor of 518 and 5846?
74
Calculate the highest common divisor of 19851 and 300819.
1527
What is the greatest common factor of 153 and 10795?
17
What is the greatest common divisor of 113346 and 54?
54
Calculate the highest common factor of 3293 and 185.
37
Calculate the greatest common divisor of 1377 and 2025.
81
Calculate the highest common divisor of 5568 and 2552.
232
What is the greatest common factor of 5292 and 3136?
196
Calculate the greatest common divisor of 2387 and 328042.
341
Calculate the greatest common factor of 3532556 and 228.
76
Calculate the highest common divisor of 112 and 32242.
14
Calculate the highest common factor of 8 and 4779648.
8
Calculate the highest common factor of 9280 and 435.
145
What is the highest common divisor of 1740528 and 126?
18
What is the highest common factor of 594 and 14418?
54
What is the greatest common divisor of 7831 and 369?
41
Calculate the highest common divisor of 3955166 and 155.
31
Calculate the highest common divisor of 319 and 244992.
319
What is the highest common factor of 836 and 29374?
38
Calculate the highest common factor of 3654 and 192096.
522
What is the greatest common divisor of 13043853 and 1791?
1791
Calculate the highest common divisor of 2614950 and 25350.
1950
What is the highest common factor of 55929 and 13575?
543
Calculate the greatest common factor of 1750 and 7700.
350
Calculate the highest common factor of 1830 and 575718.
366
Calculate the greatest common factor of 460 and 106490.
230
What is the highest common factor of 612 and 1156680?
612
What is the greatest common factor of 228 and 174?
6
Calculate the greatest common divisor of 3860 and 37635.
965
What is the greatest common divisor of 4888 and 93483?
611
What is the highest common divisor of 179157 and 366?
183
What is the highest common factor of 9770764 and 1527?
509
Calculate the greatest common divisor of 212999 and 2.
1
What is the greatest common divisor of 113806 and 193618?
1478
Calculate the greatest common factor of 1785 and 19005.
105
What is the greatest common factor of 294879 and 975?
39
Calculate the highest common divisor of 780 and 34047.
39
Calculate the highest common divisor of 8997 and 12.
3
Calculate the greatest common divisor of 10 and 3259570.
10
What is the highest common factor of 33 and 114136?
11
What is the highest common divisor of 783773 and 655?
131
Calculate the greatest common factor of 117266 and 17.
17
Calculate the highest common divisor of 7963490 and 2620.
1310
What is the greatest common factor of 87 and 302876?
29
What is the greatest common divisor of 1065 and 771415?
355
Calculate the highest common factor of 3240 and 26676.
108
What is the highest common factor of 587900 and 20?
20
Calculate the greatest common factor of 21036 and 24.
12
Calculate the highest common factor of 4 and 19298.
2
What is the greatest common divisor of 5398 and 2?
2
What is the highest common factor of 61440 and 4800?
960
What is the highest common factor of 40 and 299170?
10
What is the highest common factor of 1081991 and 74?
37
Calculate the greatest common factor of 273 and 2079.
21
What is the highest common factor of 460 and 182804?
92
What is the greatest common factor of 208 and 15418?
26
What is the greatest common factor of 46476 and 27?
9
Calculate the greatest common factor of 3111 and 35037.
51
Calculate the highest common factor of 80 and 827248.
16
What is the highest common divisor of 4008 and 456?
24
Calculate the greatest common factor of 147550 and 1362.
454
What is the highest common factor of 58 and 29725?
29
Calculate the greatest common divisor of 318506 and 142.
142
Calculate the highest common divisor of 2908 and 109777.
727
What is the greatest common divisor of 18144 and 896?
224
What is the highest common factor of 80159 and 2059?
71
What is the highest common factor of 100932 and 8268?
156
Calculate the greatest common factor of 2780 and 12700.
20
Calculate the greatest common divisor of 3388724 and 2076.
692
Calculate the greatest common factor of 173459 and 26.
13
Calculate the highest common factor of 225872 and 304.
304
Calculate the highest common divisor of 1208 and 1198034.
302
Calculate the highest common factor of 7 and 607957.
7
What is the greatest common divisor of 35358 and 20448?
426
Calculate the greatest common divisor of 1253408 and 2990.
598
What is the highest common divisor of 24 and 10638?
6
What is the greatest common divisor of 1706415 and 15?
15
Calculate the greatest common divisor of 111 and 36297.
111
What is the greatest common factor of 12844 and 224276?
988
What is the highest common divisor of 84 and 44280?
12
What is the highest common divisor of 1203 and 3291?
3
What is the greatest common divisor of 21928 and 124?
4
Calculate the greatest common factor of 12147 and 48.
3
What is the greatest common divisor of 160 and 15712?
32
Calculate the highest common divisor of 1080 and 629160.
120
Calculate the greatest common divisor of 222208 and 9548.
868
What is the highest common factor of 390250 and 7?
7
Calculate the greatest common divisor of 25460 and 536.
268
What is the greatest common factor of 6946695 and 135?
135
Calculate the greatest common factor of 87067 and 83.
83
Calculate the highest common divisor of 78 and 714.
6
What is the highest common divisor of 5238 and 387?
9
Calculate the highest common factor of 28500 and 51186.
114
What is the greatest common divisor of 274746 and 348?
174
What is the greatest common divisor of 7 and 16098?
1
What is the highest common factor of 156474 and 162?
18
Calculate the greatest common factor of 2085 and 1275.
15
Calculate the highest common divisor of 407 and 92873.
11
What is the greatest common factor of 140 and 4144?
28
Calculate the greatest 